{"id":863,"date":"2024-04-25T10:24:08","date_gmt":"2024-04-25T08:24:08","guid":{"rendered":"https:\/\/wolf-outdoorfactory.ch\/index.php\/?page_id=863"},"modified":"2024-04-25T10:26:29","modified_gmt":"2024-04-25T08:26:29","slug":"ueber-uns","status":"publish","type":"page","link":"https:\/\/wolf-outdoorfactory.ch\/index.php\/ueber-uns\/","title":{"rendered":"\u00dcber uns"},"content":{"rendered":"\n<p><strong>Unsere Geschichte<\/strong><\/p>\n\n\n\n<p>Die Idee entstand im Jahr 2014, um die Teilnehmenden und Lernenden mit realen kaufm\u00e4nnischen Aufgaben betrauen zu k\u00f6nnen. Mit nur 5 Arbeitspl\u00e4tzen starteten wir mit der Wolf Outdoor Factory um mit den Zielpersonen praxisnahe Eins\u00e4tze und eine bessere F\u00f6rderung und Beurteilung zu erreichen. Heute 10 Jahre sp\u00e4ter haben wir 12 Arbeitspl\u00e4tze.<\/p>\n\n\n\n<p><strong>Die Praxisfirma Wolf Outdoor Factory stellt sich vor<\/strong><\/p>\n\n\n\n<p>Wolf Outdoor Factory ist die kaufm\u00e4nnische Praxisfirma von ESPAS Winterthur. Sie ist eine authentische Abbildung einer Handelsfirma mit den Abteilungen Einkauf, Verkauf, Buchhaltung, Marketing, Personalwesen und Administration.<\/p>\n\n\n\n<p>Eine Praxisfirma ist ein \u00abvirtuelles\u00bb Unternehmen, das die reale Gesch\u00e4ftswelt widerspiegelt. Mit der Methode \u00ablearning by doing\u00bb erwerben und vertiefen die Teilnehmenden und Lernenden ihre Methoden-, Fach- und Sozialkompetenzen mit vergleichbaren Auftr\u00e4gen von KMU\u2019s in der freien Wirtschaft. Dank unserer Patenfirma Nitro ist es uns m\u00f6glich, die neusten Produkte anzubieten.<\/p>\n\n\n\n<p>Die Praxisfirmen sind untereinander als Handelsunternehmen t\u00e4tig und arbeiten nach modernsten kaufm\u00e4nnischen Grunds\u00e4tzen. Die nationale Praxisfirmenzentrale Helvartis \u00fcbernimmt die wichtigen Aufgaben als Institution wie Banken, Transporte, Versicherungen, Steuer- und Zoll\u00e4mter. Wir pflegen in der Schweiz Handelsbeziehungen untereinander und haben auch gesch\u00e4ftliche Beziehungen mit Praxisfirmen in Europa und \u00dcbersee.<\/p>\n\n\n\n<p>Bitte beachten Sie:<\/p>\n\n\n\n<p>Im Rahmen unserer kaufm\u00e4nnischen T\u00e4tigkeit, ist nur ein Handel innerhalb des Praxisfirmennetzes m\u00f6glich. S\u00e4mtliche im Angebot stehenden Produkte aus unseren Katalogen und unserem Webshop werden nur administrativ und nicht wertsch\u00f6pfend gehandelt. <strong><em>Ein Bezug dieser Artikel ist Real nicht m\u00f6glich<\/em>.<\/strong><\/p>\n","protected":false},"excerpt":{"rendered":"<p>Unsere Geschichte Die Idee entstand im Jahr 2014, um die Teilnehmenden und Lernenden mit realen kaufm\u00e4nnischen Aufgaben betrauen zu k\u00f6nnen. Mit nur 5 Arbeitspl\u00e4tzen starteten wir mit der Wolf Outdoor &#8230;<\/p>\n","protected":false},"author":16,"featured_media":0,"parent":0,"menu_order":0,"comment_status":"closed","ping_status":"closed","template":"template-left-sidebar.php","meta":{"footnotes":""},"class_list":["post-863","page","type-page","status-publish","hentry"],"_links":{"self":[{"href":"https:\/\/wolf-outdoorfactory.ch\/index.php\/wp-json\/wp\/v2\/pages\/863","targetHints":{"allow":["GET"]}}],"collection":[{"href":"https:\/\/wolf-outdoorfactory.ch\/index.php\/wp-json\/wp\/v2\/pages"}],"about":[{"href":"https:\/\/wolf-outdoorfactory.ch\/index.php\/wp-json\/wp\/v2\/types\/page"}],"author":[{"embeddable":true,"href":"https:\/\/wolf-outdoorfactory.ch\/index.php\/wp-json\/wp\/v2\/users\/16"}],"replies":[{"embeddable":true,"href":"https:\/\/wolf-outdoorfactory.ch\/index.php\/wp-json\/wp\/v2\/comments?post=863"}],"version-history":[{"count":1,"href":"https:\/\/wolf-outdoorfactory.ch\/index.php\/wp-json\/wp\/v2\/pages\/863\/revisions"}],"predecessor-version":[{"id":864,"href":"https:\/\/wolf-outdoorfactory.ch\/index.php\/wp-json\/wp\/v2\/pages\/863\/revisions\/864"}],"wp:attachment":[{"href":"https:\/\/wolf-outdoorfactory.ch\/index.php\/wp-json\/wp\/v2\/media?parent=863"}],"curies":[{"name":"wp","href":"https:\/\/api.w.org\/{rel}","templated":true}]}}